{"id":1294,"date":"2018-10-24T02:40:54","date_gmt":"2018-10-24T02:40:54","guid":{"rendered":"http:\/\/crefid.com\/?page_id=1294"},"modified":"2024-10-11T19:37:40","modified_gmt":"2024-10-11T19:37:40","slug":"servici","status":"publish","type":"page","link":"https:\/\/crefid.com\/?page_id=1294","title":{"rendered":"Servicios"},"content":{"rendered":"<\/div><\/div><\/div><!-- close content main div --><\/div><\/div><div id='av-layout-grid-1' class='av-layout-grid-container entry-content-wrapper main_color av-flex-cells  container_wrap fullsize'   >\n<div class=\"flex_cell no_margin av_one_half   avia-full-stretch av-zero-padding \" style='height:500px; min-height:500px;background-image:url(https:\/\/crefid.com\/wp-content\/uploads\/2018\/10\/C128134F.jpg); background-position:top left; background-repeat:no-repeat; background-attachment:scroll; vertical-align:middle; padding:0px; background-color:#22689e; '><div class='flex_cell_inner' ><\/div><\/div><div class=\"flex_cell no_margin av_one_half   \" style='height:500px; min-height:500px;vertical-align:middle; padding:80px; background-color:#22689e; '><div class='flex_cell_inner' ><p><div style='padding-bottom:25px;color:#ffffff;font-size:34px;' class='av-special-heading av-special-heading-h3 custom-color-heading blockquote modern-quote  av-inherit-size'><h3 class='av-special-heading-tag'  itemprop=\"headline\"  >Servicios<\/h3><div class='special-heading-border'><div class='special-heading-inner-border' style='border-color:#ffffff'><\/div><\/div><\/div><br \/>\n<section class=\"av_textblock_section\"  itemscope=\"itemscope\" itemtype=\"https:\/\/schema.org\/CreativeWork\" ><div class='avia_textblock  av_inherit_color'  style='color:#ffffff; '  itemprop=\"text\" ><p>Hemos creado una oferta se servicios con el objetivo de abordar con garant\u00edas todas las fases del proceso de rehabilitaci\u00f3n y prevenci\u00f3n de lesiones.<\/p>\n<\/div><\/section><\/p>\n<\/div><\/div>\n<\/div>\n<\/div><\/div><\/div><!-- close content main div --><\/div><\/div><div id='av_section_1' class='avia-section main_color avia-section-small avia-shadow avia-bg-style-scroll  container_wrap fullsize'   ><div class='container' ><div class='template-page content  av-content-full alpha units'><div class='post-entry post-entry-type-page post-entry-1294'><div class='entry-content-wrapper clearfix'>\n<div class='flex_column_table av-equal-height-column-flextable' style='margin-top:-200px; margin-bottom:0px; '><div class=\"flex_column av_one_third  no_margin flex_column_table_cell av-equal-height-column av-align-top first  \" style='padding:40px; border-radius:0px; '><\/div><\/div><!--close column table wrapper. Autoclose: 1 --><div class='flex_column_table av-equal-height-column-flextable' style='margin-top:-200px; margin-bottom:0px; '><div class=\"flex_column av_one_third  no_margin flex_column_table_cell av-equal-height-column av-align-top   \" style='padding:40px; background-color:#379cd6; border-radius:0px; '><p><span class=\"av_font_icon avia_animate_when_visible av-icon-style-  avia-icon-pos-center \" style=\"color:#ffffff; border-color:#ffffff;\"><span class='av-icon-char' style='font-size:60px;line-height:60px;' aria-hidden='true' data-av_icon='\uf106' data-av_iconfont='medical' ><\/span><\/span><br \/>\n<div style='height:20px' class='hr hr-invisible '><span class='hr-inner ' ><span class='hr-inner-style'><\/span><\/span><\/div><br \/>\n<section class=\"av_textblock_section\"  itemscope=\"itemscope\" itemtype=\"https:\/\/schema.org\/CreativeWork\" ><div class='avia_textblock  av_inherit_color'  style='color:#ffffff; '  itemprop=\"text\" ><h4 style=\"text-align: center;\">Servicios<\/h4>\n<p>Si tienes alg\u00fan tipo de duda sobre nuestros servicios, puedes realizar la consulta a trav\u00e9s de nuestro formulario web.<\/p>\n<\/div><\/section><br \/>\n<div style='height:8px' class='hr hr-invisible '><span class='hr-inner ' ><span class='hr-inner-style'><\/span><\/span><\/div><br \/>\n<div class='avia-button-wrap avia-button-center '><a href='https:\/\/crefid.com\/?page_id=954' class='avia-button  avia-icon_select-no avia-color-light avia-size-medium avia-position-center '   ><span class='avia_iconbox_title' >Consulta<\/span><\/a><\/div><\/p><\/div><\/div><!--close column table wrapper. Autoclose: 1 --><div class='flex_column_table av-equal-height-column-flextable' style='margin-top:-200px; margin-bottom:0px; '><div class=\"flex_column av_one_third  no_margin flex_column_table_cell av-equal-height-column av-align-top   \" style='padding:40px; border-radius:0px; '><\/div><\/div><!--close column table wrapper. Autoclose: 1 --><div  class='hr hr-default '><span class='hr-inner ' ><span class='hr-inner-style'><\/span><\/span><\/div>\n<div class=\"flex_column av_one_half  av-animated-generic bottom-to-top  flex_column_div av-zero-column-padding first  \" style='border-radius:0px; '><p><div style='padding-bottom:20px;font-size:38px;' class='av-special-heading av-special-heading-h2  blockquote modern-quote modern-centered   av-inherit-size'><h2 class='av-special-heading-tag'  itemprop=\"headline\"  >Servicios<\/h2><div class='special-heading-border'><div class='special-heading-inner-border' ><\/div><\/div><\/div><br \/>\n<section class=\"av_textblock_section\"  itemscope=\"itemscope\" itemtype=\"https:\/\/schema.org\/CreativeWork\" ><div class='avia_textblock '   itemprop=\"text\" ><p><strong>CREFID S.L.<\/strong>Cl\u00ednica de Recuperaci\u00f3n y Fisioterapia Deportiva, es una empresa con m\u00e1s de 20 a\u00f1os de experiencia, dedicada a la mejora de la salud a trav\u00e9s de la Fisioterapia y de las T\u00e9cnicas Manuales.<\/p>\n<p>Su estructura se asienta en 4 \u00e1reas:<\/p>\n<ul>\n<li>Gesti\u00f3n administrativa<\/li>\n<li>Valoraci\u00f3n, Diagn\u00f3stico y tratamiento.<\/li>\n<li>Recuperaci\u00f3n Funcional<\/li>\n<li>Asesoramiento y seguimiento de la lesi\u00f3n.<\/li>\n<\/ul>\n<\/div><\/section><\/p><\/div><div class=\"flex_column av_one_half  av-animated-generic bottom-to-top  flex_column_div av-zero-column-padding   \" style='border-radius:0px; '><div class='aviaccordion aviaccordion-title-inactive' style='max-height:1500px' data-av-maxheight='1500' data-autoplay='false' data-interval='5'   itemscope=\"itemscope\" itemtype=\"https:\/\/schema.org\/Blog\" ><ul class='aviaccordion-inner'><li class='aviaccordion-slide aviaccordion-slide-1' style='left:0%' data-av-left='0'  itemscope=\"itemscope\" itemtype=\"https:\/\/schema.org\/CreativeWork\" ><a class='aviaccordion-slide-link noHover' href='https:\/\/crefid.com\/wp-content\/uploads\/2018\/10\/C127882F-1030x688.jpg' ><div class='aviaccordion-preview  av-accordion-text-center' style='width:20.1%'><\/div><img loading=\"lazy\" decoding=\"async\" width=\"1500\" height=\"1002\" src=\"https:\/\/crefid.com\/wp-content\/uploads\/2018\/10\/C127882F-1500x1002.jpg\" class=\"aviaccordion-image\" alt=\"\" srcset=\"https:\/\/crefid.com\/wp-content\/uploads\/2018\/10\/C127882F-1500x1002.jpg 1500w, https:\/\/crefid.com\/wp-content\/uploads\/2018\/10\/C127882F-300x200.jpg 300w, https:\/\/crefid.com\/wp-content\/uploads\/2018\/10\/C127882F-768x513.jpg 768w, https:\/\/crefid.com\/wp-content\/uploads\/2018\/10\/C127882F-1030x688.jpg 1030w, https:\/\/crefid.com\/wp-content\/uploads\/2018\/10\/C127882F-705x471.jpg 705w, https:\/\/crefid.com\/wp-content\/uploads\/2018\/10\/C127882F-450x301.jpg 450w, https:\/\/crefid.com\/wp-content\/uploads\/2018\/10\/C127882F.jpg 1800w\" sizes=\"auto, (max-width: 1500px) 100vw, 1500px\" \/><\/a><\/li><li class='aviaccordion-slide aviaccordion-slide-2' style='left:20%' data-av-left='20'  itemscope=\"itemscope\" itemtype=\"https:\/\/schema.org\/CreativeWork\" ><a class='aviaccordion-slide-link noHover' href='https:\/\/crefid.com\/wp-content\/uploads\/2018\/10\/C128126F-1030x686.jpg' ><div class='aviaccordion-preview  av-accordion-text-center' style='width:20.1%'><\/div><img loading=\"lazy\" decoding=\"async\" width=\"1500\" height=\"998\" src=\"https:\/\/crefid.com\/wp-content\/uploads\/2018\/10\/C128126F-1500x998.jpg\" class=\"aviaccordion-image\" alt=\"\" srcset=\"https:\/\/crefid.com\/wp-content\/uploads\/2018\/10\/C128126F-1500x998.jpg 1500w, https:\/\/crefid.com\/wp-content\/uploads\/2018\/10\/C128126F-300x200.jpg 300w, https:\/\/crefid.com\/wp-content\/uploads\/2018\/10\/C128126F-768x511.jpg 768w, https:\/\/crefid.com\/wp-content\/uploads\/2018\/10\/C128126F-1030x686.jpg 1030w, https:\/\/crefid.com\/wp-content\/uploads\/2018\/10\/C128126F-705x469.jpg 705w, https:\/\/crefid.com\/wp-content\/uploads\/2018\/10\/C128126F-450x300.jpg 450w, https:\/\/crefid.com\/wp-content\/uploads\/2018\/10\/C128126F.jpg 1800w\" sizes=\"auto, (max-width: 1500px) 100vw, 1500px\" \/><\/a><\/li><li class='aviaccordion-slide aviaccordion-slide-3' style='left:40%' data-av-left='40'  itemscope=\"itemscope\" itemtype=\"https:\/\/schema.org\/CreativeWork\" ><a class='aviaccordion-slide-link noHover' href='https:\/\/crefid.com\/wp-content\/uploads\/2018\/10\/C127857F-1030x772.jpg' ><div class='aviaccordion-preview  av-accordion-text-center' style='width:20.1%'><\/div><img loading=\"lazy\" decoding=\"async\" width=\"1500\" height=\"1124\" src=\"https:\/\/crefid.com\/wp-content\/uploads\/2018\/10\/C127857F-1500x1124.jpg\" class=\"aviaccordion-image\" alt=\"\" srcset=\"https:\/\/crefid.com\/wp-content\/uploads\/2018\/10\/C127857F-1500x1124.jpg 1500w, https:\/\/crefid.com\/wp-content\/uploads\/2018\/10\/C127857F-300x225.jpg 300w, https:\/\/crefid.com\/wp-content\/uploads\/2018\/10\/C127857F-768x576.jpg 768w, https:\/\/crefid.com\/wp-content\/uploads\/2018\/10\/C127857F-1030x772.jpg 1030w, https:\/\/crefid.com\/wp-content\/uploads\/2018\/10\/C127857F-705x528.jpg 705w, https:\/\/crefid.com\/wp-content\/uploads\/2018\/10\/C127857F-450x337.jpg 450w, https:\/\/crefid.com\/wp-content\/uploads\/2018\/10\/C127857F.jpg 1800w\" sizes=\"auto, (max-width: 1500px) 100vw, 1500px\" \/><\/a><\/li><li class='aviaccordion-slide aviaccordion-slide-4' style='left:60%' data-av-left='60'  itemscope=\"itemscope\" itemtype=\"https:\/\/schema.org\/CreativeWork\" ><a class='aviaccordion-slide-link noHover' href='https:\/\/crefid.com\/wp-content\/uploads\/2018\/10\/C127845F-688x1030.jpg' ><div class='aviaccordion-preview  av-accordion-text-center' style='width:20.1%'><\/div><img loading=\"lazy\" decoding=\"async\" width=\"1002\" height=\"1500\" src=\"https:\/\/crefid.com\/wp-content\/uploads\/2018\/10\/C127845F-1002x1500.jpg\" class=\"aviaccordion-image\" alt=\"\" srcset=\"https:\/\/crefid.com\/wp-content\/uploads\/2018\/10\/C127845F-1002x1500.jpg 1002w, https:\/\/crefid.com\/wp-content\/uploads\/2018\/10\/C127845F-200x300.jpg 200w, https:\/\/crefid.com\/wp-content\/uploads\/2018\/10\/C127845F-768x1150.jpg 768w, https:\/\/crefid.com\/wp-content\/uploads\/2018\/10\/C127845F-688x1030.jpg 688w, https:\/\/crefid.com\/wp-content\/uploads\/2018\/10\/C127845F-471x705.jpg 471w, https:\/\/crefid.com\/wp-content\/uploads\/2018\/10\/C127845F-450x674.jpg 450w, https:\/\/crefid.com\/wp-content\/uploads\/2018\/10\/C127845F.jpg 1202w\" sizes=\"auto, (max-width: 1002px) 100vw, 1002px\" \/><\/a><\/li><li class='aviaccordion-slide aviaccordion-slide-5' style='left:80%' data-av-left='80'  itemscope=\"itemscope\" itemtype=\"https:\/\/schema.org\/CreativeWork\" ><a class='aviaccordion-slide-link noHover' href='' ><div class='aviaccordion-preview  av-accordion-text-center' style='width:20.1%'><\/div><\/a><\/li><\/ul><div class='aviaccordion-spacer' style='padding-bottom:100%'><\/div><\/div><\/div><div  class='hr hr-default '><span class='hr-inner ' ><span class='hr-inner-style'><\/span><\/span><\/div>\n<div class=\"tabcontainer  sidebar_tab sidebar_tab_left border_tabs \">\n\n<section class=\"av_tab_section\"  itemscope=\"itemscope\" itemtype=\"https:\/\/schema.org\/CreativeWork\" >    <div data-fake-id=\"#tab-id-1\" class=\"tab active_tab\"  itemprop=\"headline\" ><span class='tab_icon' aria-hidden='true' data-av_icon='\uf108' data-av_iconfont='medical'><\/span>Fisioterapia General y Deportiva<\/div>\n    <div id=\"tab-id-1-container\" class=\"tab_content active_tab_content\">\n        <div class=\"tab_inner_content invers-color\"  itemprop=\"text\" >\n<p>Seg\u00fan est\u00e1 recogido en el c\u00f3digo deontol\u00f3gico de la Fisioterapia, \u00ablas funciones del Fisioterapeuta ir\u00e1n\u00a0 encaminadas a la prestaci\u00f3n de atenci\u00f3n por los medios f\u00edsicos, que est\u00e1n contenidos en el curr\u00edculum acad\u00e9mico de la Fisioterapia, de forma directa e integral, orientando estas atenciones en el fomento y protecci\u00f3n de la salud, prevenci\u00f3n de la enfermedad o de la incapacidad, y recuperaci\u00f3n funcional del paciente para su posterior reintegraci\u00f3n al medio familiar, sociocultural y laboral\u00bb.<\/p>\n<p>Las lesiones m\u00fasculo-esquel\u00e9ticas relacionadas con el trabajo o bien con la pr\u00e1ctica deportiva\u00a0 son cada vez m\u00e1s frecuentes. Afectan a los m\u00fasculos, tendones, huesos, ligamentos o discos intervertebrales. La mayor\u00eda de las lesiones de estas caracter\u00edsticas, no se producen por accidentes o agresiones \u00fanicas o aisladas, sino como resultado de traumatismos peque\u00f1os o repetidos.<\/p>\n<p>Otra de las causas de\u00a0 lesiones son: las malas posturas, fuerzas o cargas inadecuadas que se desarrollan de una manera precoz o a trav\u00e9s de un mal gesto. Desencadenan patolog\u00edas en la\u00a0 columna vertebral, tales como contracturas, lumbalgias , cervicalgias, ciatalgias, protusiones, hernias,\u00a0 etc.<\/p>\n<p>La Fisioterapia, en las enfermedades neurol\u00f3gicas como ICTUS, Parkinson, Lesiones medulares y AVC, es un instrumento recuperador esencial para la evoluci\u00f3n funcional y la adaptaci\u00f3n de estos pacientes a las actividades de la vida diaria.<\/p>\n\n        <\/div>\n    <\/div>\n<\/section>\n\n<section class=\"av_tab_section\"  itemscope=\"itemscope\" itemtype=\"https:\/\/schema.org\/CreativeWork\" >    <div data-fake-id=\"#tab-id-2\" class=\"tab \"  itemprop=\"headline\" ><span class='tab_icon' aria-hidden='true' data-av_icon='\uf105' data-av_iconfont='medical'><\/span>Medicina General y Familiar<\/div>\n    <div id=\"tab-id-2-container\" class=\"tab_content \">\n        <div class=\"tab_inner_content invers-color\"  itemprop=\"text\" >\n<p>La medicina general se caracteriza por ser el primer nivel y m\u00e1s cercano al paciente dentro de la atenci\u00f3n m\u00e9dica.<\/p>\n<p>El m\u00e9dico general es el profesional capacitado para realizar tanto el diagn\u00f3stico como el tratamiento de las patolog\u00edas m\u00e1s frecuentes y prevalentes en la sociedad, mediante la realizaci\u00f3n de la historia cl\u00ednica por anamnesis, valoraci\u00f3n f\u00edsica, palpaci\u00f3n, pruebas funcionales y complementarias.<\/p>\n<p>La consulta est\u00e1 orientada al abordaje integral del paciente en su aspecto f\u00edsico, mental y social. Dise\u00f1ada para evaluar alteraciones de diferentes \u00f3rganos y aparatos como son: Locomotor, respiratorio, digestivo, circulatorio y linf\u00e1tico, nervioso, excretor, reproductor y endocrino.<\/p>\n<p>Ejemplos de patolog\u00edas:<\/p>\n<p>Dolor muscular: Contractura, tendinopat\u00eda, acortamiento, rigidez. Dolor articular: Artrosis, artritis, dismetr\u00edas, escoliosis estructuradas y fisiol\u00f3gicas. Faringoamigdalitis. S\u00edntomas catarrales.\u00a0 Otalgia. Conjuntivitis. Sinusitis. EPOC. Asma. Bronquitis. Palpitaciones. Dolor abdominal. Enfermedad por reflujo gastroesof\u00e1gico (ERGE). Diarrea. Estre\u00f1imiento. Infecci\u00f3n urinaria. Cefalea. Mareos. V\u00e9rtigos. Lesiones cut\u00e1neas. Urticaria. Depresi\u00f3n. Miastenia. Ansiedad. Insomnio. Alteraci\u00f3n menstrual.<\/p>\n<p>Dependiendo del caso para enfermedades latentes y cr\u00f3nicas, se procede a la identificaci\u00f3n de factores de riesgo, orientando al paciente sobre la manera m\u00e1s adecuada de prevenirlas e incentivando estilos de vida saludables. Como es el caso de la consulta programada por ejemplo, realizando recomendaciones para el diagn\u00f3stico oncol\u00f3gico precoz y evitar enfermedades como la HTA (Hipertensi\u00f3n Arterial),\u00a0 DM (Diabetes Mellitus),\u00a0 obesidad e hipercolesterolemia.<\/p>\n<p>Tambi\u00e9n es posible la prescripci\u00f3n farmacol\u00f3gica en fase aguda de patolog\u00eda m\u00e1s invalidantes.<\/p>\n<p>Otras de las funciones del m\u00e9dico general est\u00e1n en prescribir pruebas complementarias como anal\u00edticas\u00a0 y de diagn\u00f3stico por la imagen, as\u00ed como derivar al especialista indicado cuando corresponda.<\/p>\n<p>Toda esta atenci\u00f3n cl\u00ednica as\u00ed como la prescripci\u00f3n de medicamentos, es necesario que se lleve a cabo de manera eficiente con evidencia cient\u00edfica, en un marco interdisciplinar, con una continua formaci\u00f3n y actualizaci\u00f3n constante de los conocimientos.<\/p>\n\n        <\/div>\n    <\/div>\n<\/section>\n\n<section class=\"av_tab_section\"  itemscope=\"itemscope\" itemtype=\"https:\/\/schema.org\/CreativeWork\" >    <div data-fake-id=\"#tab-id-3\" class=\"tab \"  itemprop=\"headline\" ><span class='tab_icon' aria-hidden='true' data-av_icon='\uf126' data-av_iconfont='medical'><\/span>Entrenamiento Funcional<\/div>\n    <div id=\"tab-id-3-container\" class=\"tab_content \">\n        <div class=\"tab_inner_content invers-color\"  itemprop=\"text\" >\n<p>Es la uni\u00f3n\u00a0 de actividades y ejercicios adaptados al paciente de acuerdo a las necesidades especificas de su Recuperaci\u00f3n, con el objetivo de mejorar su resistencia muscular mediante cargas con su propio peso\u00a0 y utilizando implementos el\u00e1sticos, de madera, fitball, Torre y aros de Pilates.<\/p>\n\n        <\/div>\n    <\/div>\n<\/section>\n\n<section class=\"av_tab_section\"  itemscope=\"itemscope\" itemtype=\"https:\/\/schema.org\/CreativeWork\" >    <div data-fake-id=\"#tab-id-4\" class=\"tab \"  itemprop=\"headline\" ><span class='tab_icon' aria-hidden='true' data-av_icon='\uf133' data-av_iconfont='medical'><\/span>Pilates Terape\u00fatico<\/div>\n    <div id=\"tab-id-4-container\" class=\"tab_content \">\n        <div class=\"tab_inner_content invers-color\"  itemprop=\"text\" >\n<p>Clases personalizadas\/recuperaci\u00f3n funcional.<\/p>\n<p>Horario:<\/p>\n<p><strong>Lunes y mi\u00e9rcoles:\u00a0<\/strong><\/p>\n<p>Grupo 1- 9:30 a 10:30<\/p>\n<p>Grupo 2- 10:30 a<\/p>\n\n        <\/div>\n    <\/div>\n<\/section>\n\n<section class=\"av_tab_section\"  itemscope=\"itemscope\" itemtype=\"https:\/\/schema.org\/CreativeWork\" >    <div data-fake-id=\"#tab-id-5\" class=\"tab \"  itemprop=\"headline\" ><span class='tab_icon' aria-hidden='true' data-av_icon='\uf128' data-av_iconfont='medical'><\/span>Valoraci\u00f3n Ecogr\u00e1fica<\/div>\n    <div id=\"tab-id-5-container\" class=\"tab_content \">\n        <div class=\"tab_inner_content invers-color\"  itemprop=\"text\" >\n<p>En construcci\u00f3n.<\/p>\n\n        <\/div>\n    <\/div>\n<\/section>\n\n<section class=\"av_tab_section\"  itemscope=\"itemscope\" itemtype=\"https:\/\/schema.org\/CreativeWork\" >    <div data-fake-id=\"#tab-id-6\" class=\"tab \"  itemprop=\"headline\" ><span class='tab_icon' aria-hidden='true' data-av_icon='\uf115' data-av_iconfont='medical'><\/span>Ondas de choque<\/div>\n    <div id=\"tab-id-6-container\" class=\"tab_content \">\n        <div class=\"tab_inner_content invers-color\"  itemprop=\"text\" >\n<p>En construcci\u00f3n.<\/p>\n\n        <\/div>\n    <\/div>\n<\/section>\n\n<section class=\"av_tab_section\"  itemscope=\"itemscope\" itemtype=\"https:\/\/schema.org\/CreativeWork\" >    <div data-fake-id=\"#tab-id-7\" class=\"tab \"  itemprop=\"headline\" ><span class='tab_icon' aria-hidden='true' data-av_icon='\uf117' data-av_iconfont='medical'><\/span>Vendaje Neuromuscular<\/div>\n    <div id=\"tab-id-7-container\" class=\"tab_content \">\n        <div class=\"tab_inner_content invers-color\"  itemprop=\"text\" >\n<p>En construcci\u00f3n.<\/p>\n\n        <\/div>\n    <\/div>\n<\/section>\n\n<section class=\"av_tab_section\"  itemscope=\"itemscope\" itemtype=\"https:\/\/schema.org\/CreativeWork\" >    <div data-fake-id=\"#tab-id-8\" class=\"tab \"  itemprop=\"headline\" ><span class='tab_icon' aria-hidden='true' data-av_icon='\uf124' data-av_iconfont='medical'><\/span>Electroterapia<\/div>\n    <div id=\"tab-id-8-container\" class=\"tab_content \">\n        <div class=\"tab_inner_content invers-color\"  itemprop=\"text\" >\n<p>En construcci\u00f3n.<\/p>\n\n        <\/div>\n    <\/div>\n<\/section>\n\n<section class=\"av_tab_section\"  itemscope=\"itemscope\" itemtype=\"https:\/\/schema.org\/CreativeWork\" >    <div data-fake-id=\"#tab-id-9\" class=\"tab \"  itemprop=\"headline\" ><span class='tab_icon' aria-hidden='true' data-av_icon='\uf10d' data-av_iconfont='medical'><\/span>Valoraci\u00f3n y tratamiento cl\u00ednico<\/div>\n    <div id=\"tab-id-9-container\" class=\"tab_content \">\n        <div class=\"tab_inner_content invers-color\"  itemprop=\"text\" >\n<ul>\n<li>Realizaci\u00f3n detallada de Historia Cl\u00ednica.<\/li>\n<li>Valoraci\u00f3n del sistema M\u00fasculo-esquel\u00e9tico mediante palpaci\u00f3n y pruebas funcionales.<\/li>\n<li>Valoraci\u00f3n Ecogr\u00e1fica con transductor lineal.<\/li>\n<li>Balance articular y muscular.<\/li>\n<li>Examen postural y del Raquis.<\/li>\n<li>Valoraci\u00f3n podom\u00e9trica.<\/li>\n<li>Valoraci\u00f3n del estado general estructurada por aparatos.<\/li>\n<li>Valoraci\u00f3n bucofar\u00edngea.<\/li>\n<li>Auscultaci\u00f3n cardiopulmonar.<\/li>\n<li>Valoraci\u00f3n Otosc\u00f3pica.<\/li>\n<li>Valoraci\u00f3n de tensi\u00f3n arterial y pulso.<\/li>\n<\/ul>\n\n        <\/div>\n    <\/div>\n<\/section>\n\n<section class=\"av_tab_section\"  itemscope=\"itemscope\" itemtype=\"https:\/\/schema.org\/CreativeWork\" >    <div data-fake-id=\"#tab-id-10\" class=\"tab \"  itemprop=\"headline\" ><span class='tab_icon' aria-hidden='true' data-av_icon='\uf129' data-av_iconfont='medical'><\/span>Osteopat\u00eda<\/div>\n    <div id=\"tab-id-10-container\" class=\"tab_content \">\n        <div class=\"tab_inner_content invers-color\"  itemprop=\"text\" >\n<p>En construcci\u00f3n.<\/p>\n\n        <\/div>\n    <\/div>\n<\/section>\n\n<\/div>\n\n\n","protected":false},"excerpt":{"rendered":"","protected":false},"author":1,"featured_media":0,"parent":0,"menu_order":0,"comment_status":"closed","ping_status":"closed","template":"","meta":{"spay_email":"","footnotes":""},"class_list":["post-1294","page","type-page","status-publish","hentry"],"_links":{"self":[{"href":"https:\/\/crefid.com\/index.php?rest_route=\/wp\/v2\/pages\/1294","targetHints":{"allow":["GET"]}}],"collection":[{"href":"https:\/\/crefid.com\/index.php?rest_route=\/wp\/v2\/pages"}],"about":[{"href":"https:\/\/crefid.com\/index.php?rest_route=\/wp\/v2\/types\/page"}],"author":[{"embeddable":true,"href":"https:\/\/crefid.com\/index.php?rest_route=\/wp\/v2\/users\/1"}],"replies":[{"embeddable":true,"href":"https:\/\/crefid.com\/index.php?rest_route=%2Fwp%2Fv2%2Fcomments&post=1294"}],"version-history":[{"count":55,"href":"https:\/\/crefid.com\/index.php?rest_route=\/wp\/v2\/pages\/1294\/revisions"}],"predecessor-version":[{"id":1811,"href":"https:\/\/crefid.com\/index.php?rest_route=\/wp\/v2\/pages\/1294\/revisions\/1811"}],"wp:attachment":[{"href":"https:\/\/crefid.com\/index.php?rest_route=%2Fwp%2Fv2%2Fmedia&parent=1294"}],"curies":[{"name":"wp","href":"https:\/\/api.w.org\/{rel}","templated":true}]}}