{"id":957,"date":"2016-07-15T14:20:10","date_gmt":"2016-07-15T14:20:10","guid":{"rendered":"http:\/\/test.kriesi.at\/enfold-medical\/?page_id=957"},"modified":"2024-10-11T19:56:05","modified_gmt":"2024-10-11T19:56:05","slug":"our-clinic","status":"publish","type":"page","link":"https:\/\/crefid.com\/?page_id=957","title":{"rendered":"Instalaciones"},"content":{"rendered":"<\/div><\/div><\/div><!-- close content main div --><\/div><\/div><div id='av-layout-grid-1' class='av-layout-grid-container entry-content-wrapper main_color av-flex-cells  container_wrap fullsize'   >\n<div class=\"flex_cell no_margin av_one_half   avia-full-stretch av-zero-padding \" style='height:500px; min-height:500px;background-image:url(https:\/\/crefid.com\/wp-content\/uploads\/2018\/10\/C128192F.jpg); background-position:center center; background-repeat:no-repeat; background-attachment:scroll; vertical-align:middle; padding:0px; background-color:#22689e; '><div class='flex_cell_inner' ><\/div><\/div><div class=\"flex_cell no_margin av_one_half   \" style='height:500px; min-height:500px;vertical-align:middle; padding:80px; background-color:#22689e; '><div class='flex_cell_inner' ><p><div style='padding-bottom:25px;color:#ffffff;font-size:34px;' class='av-special-heading av-special-heading-h3 custom-color-heading blockquote modern-quote   av-inherit-size'><div class ='av-subheading av-subheading_above av_custom_color' style='font-size:15px;'><p>Nuestra<\/p>\n<\/div><h3 class='av-special-heading-tag'  itemprop=\"headline\"  >Cl\u00ednica Crefid<\/h3><div class='special-heading-border'><div class='special-heading-inner-border' style='border-color:#ffffff'><\/div><\/div><\/div><br \/>\n<section class=\"av_textblock_section\"  itemscope=\"itemscope\" itemtype=\"https:\/\/schema.org\/CreativeWork\" ><div class='avia_textblock  av_inherit_color'  style='color:#ffffff; '  itemprop=\"text\" ><p>Cl\u00ednica de Recuperaci\u00f3n y Fisioterapia Deportiva, es una empresa con m\u00e1s de 20 a\u00f1os de experiencia, dedicada a la mejora de la salud a trav\u00e9s de la Fisioterapia y de las T\u00e9cnicas Manuales.<\/p>\n<\/div><\/section><\/p>\n<\/div><\/div>\n<\/div>\n<\/div><\/div><\/div><!-- close content main div --><\/div><\/div><div id='av_section_1' class='avia-section main_color avia-section-huge avia-no-border-styling avia-bg-style-scroll  container_wrap fullsize'   ><div class='container' ><div class='template-page content  av-content-full alpha units'><div class='post-entry post-entry-type-page post-entry-957'><div class='entry-content-wrapper clearfix'>\n<div class='flex_column_table av-equal-height-column-flextable' style='margin-top:-200px; margin-bottom:0px; '><div class=\"flex_column av_one_fourth  no_margin flex_column_table_cell av-equal-height-column av-align-top first  \" style='padding:40px; border-radius:0px 0px 0px 0px ; '><\/div><\/div><!--close column table wrapper. Autoclose: 1 --><div class='flex_column_table av-equal-height-column-flextable' style='margin-top:-200px; margin-bottom:0px; '><div class=\"flex_column av_one_fourth  no_margin flex_column_table_cell av-equal-height-column av-align-top   \" style='padding:40px; background-color:#5fb4e4; border-radius:0px; '><p><span class=\"av_font_icon avia_animate_when_visible av-icon-style-  avia-icon-pos-center \" style=\"color:#ffffff; border-color:#ffffff;\"><span class='av-icon-char' style='font-size:60px;line-height:60px;' aria-hidden='true' data-av_icon='\uf104' data-av_iconfont='medical' ><\/span><\/span><br \/>\n<div style='height:20px' class='hr hr-invisible '><span class='hr-inner ' ><span class='hr-inner-style'><\/span><\/span><\/div><br \/>\n<section class=\"av_textblock_section\"  itemscope=\"itemscope\" itemtype=\"https:\/\/schema.org\/CreativeWork\" ><div class='avia_textblock  av_inherit_color'  style='color:#ffffff; '  itemprop=\"text\" ><h4 style=\"text-align: center;\">Informaci\u00f3n<\/h4>\n<p style=\"text-align: center;\">Particulares pueden solicitar una cita .Las empresas pueden solicitar reuni\u00f3n o dejar informaci\u00f3n.<\/p>\n<\/div><\/section><br \/>\n<div style='height:8px' class='hr hr-invisible '><span class='hr-inner ' ><span class='hr-inner-style'><\/span><\/span><\/div><br \/>\n<div class='avia-button-wrap avia-button-center '><a href='https:\/\/crefid.com\/?page_id=959' class='avia-button  avia-icon_select-no avia-color-light avia-size-medium avia-position-center '   ><span class='avia_iconbox_title' >Solicitud<\/span><\/a><\/div><\/p><\/div><\/div><!--close column table wrapper. Autoclose: 1 --><div class='flex_column_table av-equal-height-column-flextable' style='margin-top:-200px; margin-bottom:0px; '><div class=\"flex_column av_one_fourth  no_margin flex_column_table_cell av-equal-height-column av-align-top   \" style='padding:40px; background-color:#379cd6; border-radius:0px; '><p><span class=\"av_font_icon avia_animate_when_visible av-icon-style-  avia-icon-pos-center \" style=\"color:#ffffff; border-color:#ffffff;\"><span class='av-icon-char' style='font-size:60px;line-height:60px;' aria-hidden='true' data-av_icon='\ue80b' data-av_iconfont='entypo-fontello' ><\/span><\/span><br \/>\n<div style='height:20px' class='hr hr-invisible '><span class='hr-inner ' ><span class='hr-inner-style'><\/span><\/span><\/div><br \/>\n<section class=\"av_textblock_section\"  itemscope=\"itemscope\" itemtype=\"https:\/\/schema.org\/CreativeWork\" ><div class='avia_textblock  av_inherit_color'  style='color:#ffffff; '  itemprop=\"text\" ><h4 style=\"text-align: center;\">Equipo<\/h4>\n<p style=\"text-align: center;\">Puedes consultar nuestro personal.<\/p>\n<\/div><\/section><br \/>\n<div style='height:8px' class='hr hr-invisible '><span class='hr-inner ' ><span class='hr-inner-style'><\/span><\/span><\/div><br \/>\n<div class='avia-button-wrap avia-button-center '><a href='https:\/\/crefid.com\/?page_id=948' class='avia-button  avia-icon_select-no avia-color-light avia-size-medium avia-position-center '   ><span class='avia_iconbox_title' >Equipo<\/span><\/a><\/div><\/p><\/div><\/div><!--close column table wrapper. Autoclose: 1 --><div class='flex_column_table av-equal-height-column-flextable' style='margin-top:-200px; margin-bottom:0px; '><div class=\"flex_column av_one_fourth  no_margin flex_column_table_cell av-equal-height-column av-align-top   \" style='padding:40px; border-radius:0px; '><\/div><\/div><!--close column table wrapper. Autoclose: 1 --><div style='height:100px' class='hr hr-invisible '><span class='hr-inner ' ><span class='hr-inner-style'><\/span><\/span><\/div>\n<div class=\"flex_column av_one_half  av-animated-generic bottom-to-top  flex_column_div av-zero-column-padding first  \" style='border-radius:0px; '><p><div style='padding-bottom:20px;font-size:34px;' class='av-special-heading av-special-heading-h3  blockquote modern-quote   av-inherit-size'><div class ='av-subheading av-subheading_above ' style='font-size:15px;'><p>Nuestra<\/p>\n<\/div><h3 class='av-special-heading-tag'  itemprop=\"headline\"  >Cl\u00ednica<\/h3><div class='special-heading-border'><div class='special-heading-inner-border' ><\/div><\/div><\/div><br \/>\n<section class=\"av_textblock_section\"  itemscope=\"itemscope\" itemtype=\"https:\/\/schema.org\/CreativeWork\" ><div class='avia_textblock '   itemprop=\"text\" ><p><strong>CREFID S.L.<\/strong>consta de:<\/p>\n<ul>\n<li><strong>Tres Consultas\u00a0<\/strong>para el tratamiento de lesiones deportivas y de patolog\u00edas dentro del \u00e1mbito general.<\/li>\n<li><strong>Una Sala acondicionada para la actividad f\u00edsica<\/strong>, donde se desarrollan entre otras actividades: el M\u00e9todo de Matt Pilates, Estiramientos y Reeducaci\u00f3n postural como complemento de la recuperaci\u00f3n funcional.<\/li>\n<li><strong>Una sala de recepci\u00f3n y administraci\u00f3n<\/strong>, donde se llevan a cabo todas las gestiones administrativas referentes al paciente y al funcionamiento de la empresa.<\/li>\n<\/ul>\n<p>Un equipo profesional, altamente cualificado, ofrece un sistema terap\u00e9utico integral adaptado a las necesidades de cada paciente y cada deportista.<\/p>\n<\/div><\/section><\/p><\/div><div class=\"flex_column av_one_half  av-animated-generic bottom-to-top  flex_column_div av-zero-column-padding   \" style='border-radius:0px; '><p><div style='padding-bottom:20px;font-size:34px;' class='av-special-heading av-special-heading-h3  blockquote modern-quote   av-inherit-size'><div class ='av-subheading av-subheading_above ' style='font-size:15px;'><p>Nuestros<\/p>\n<\/div><h3 class='av-special-heading-tag'  itemprop=\"headline\"  >Servicios<\/h3><div class='special-heading-border'><div class='special-heading-inner-border' ><\/div><\/div><\/div><br \/>\n<section class=\"av_textblock_section\"  itemscope=\"itemscope\" itemtype=\"https:\/\/schema.org\/CreativeWork\" ><div class='avia_textblock '   itemprop=\"text\" ><p>Ofrecemos entre otros servicios:<\/p>\n<ul>\n<li><strong>Fisioterapia general y Deportiva\u00a0<\/strong>a trav\u00e9s de t\u00e9cnicas de electroterapia y T\u00e9cnicas manuales centradas en el tratamiento personal e integral.<\/li>\n<li><strong>Medicina general<\/strong>, diagn\u00f3stico y tratamiento farmacol\u00f3gico de patolog\u00edas en los diferentes sistemas y aparatos.<\/li>\n<li><strong>Valoraci\u00f3n\u00a0<\/strong>del estado de Salud y orientaci\u00f3n mediante t\u00e9cnicas y h\u00e1bitos saludables.<\/li>\n<li><strong>Osteopat\u00eda\u00a0<\/strong>y t\u00e9cnicas de ganancia en movilidad articular.<\/li>\n<li>Clases individualizadas y Personalizadas del <strong>M\u00e9todo Pilates\u00a0<\/strong>asistido por materiales t\u00e9cnicos.<\/li>\n<li>Valoraci\u00f3n\u00a0<strong>Ecogr\u00e1fica musculoesquel\u00e9tica<\/strong>.<\/li>\n<li>Tratamiento de partes blandas mediante\u00a0 diversidad\u00a0 de <strong>T\u00e9cnicas Manuales.\u00a0<\/strong><\/li>\n<li>Tratamiento de patolog\u00edas cr\u00f3nicas mediante <strong>Ondas de Choque<\/strong>.<\/li>\n<\/ul>\n<\/div><\/section><\/p><\/div>\n\n<\/div><\/div><\/div><!-- close content main div --><\/div><\/div><div id='av-layout-grid-2' class='av-layout-grid-container entry-content-wrapper main_color av-flex-cells  container_wrap fullsize'   >\n<div class=\"flex_cell no_margin av_one_half   avia-full-stretch av-zero-padding \" style='height:500px; min-height:500px;background-image:url(https:\/\/crefid.com\/wp-content\/uploads\/2018\/10\/C127848F-495x400.jpg); background-position:center center; background-repeat:no-repeat; background-attachment:scroll; vertical-align:top; padding:0px; background-color:#22689e; '><div class='flex_cell_inner' ><\/div><\/div><div class=\"flex_cell no_margin av_one_half   \" style='height:500px; min-height:500px;vertical-align:middle; padding:80px; background-color:#22689e; '><div class='flex_cell_inner' ><p><div style='padding-bottom:25px;color:#ffffff;font-size:34px;' class='av-special-heading av-special-heading-h3 custom-color-heading blockquote modern-quote   av-inherit-size'><div class ='av-subheading av-subheading_above av_custom_color' style='font-size:15px;'><p>\u00c1rea de<\/p>\n<\/div><h3 class='av-special-heading-tag'  itemprop=\"headline\"  >Fisioterapia y Medicina General<\/h3><div class='special-heading-border'><div class='special-heading-inner-border' style='border-color:#ffffff'><\/div><\/div><\/div><br \/>\n<section class=\"av_textblock_section\"  itemscope=\"itemscope\" itemtype=\"https:\/\/schema.org\/CreativeWork\" ><div class='avia_textblock  av_inherit_color'  style='color:#ffffff; '  itemprop=\"text\" ><p>CREFID dispone de dos consultas donde se realizan los tratamientos individualizados de Fisioterapia, y una consulta destinada a la Atenci\u00f3n Medico Asistencial<\/p>\n<\/div><\/section><\/p>\n<\/div><\/div>\n<\/div>\n<\/div><\/div><\/div><!-- close content main div --><\/div><\/div><div id='av-layout-grid-3' class='av-layout-grid-container entry-content-wrapper main_color av-flex-cells  container_wrap fullsize'   >\n<div class=\"flex_cell no_margin av_one_full   \" style='height:500px; min-height:500px;vertical-align:middle; padding:80px; '><div class='flex_cell_inner' ><p><div style='padding-bottom:25px;font-size:34px;' class='av-special-heading av-special-heading-h3  blockquote modern-quote   av-inherit-size'><div class ='av-subheading av-subheading_above ' style='font-size:15px;'><p>\u00c1rea de<\/p>\n<\/div><h3 class='av-special-heading-tag'  itemprop=\"headline\"  >Pilates y Recuperaci\u00f3n Funcional<\/h3><div class='special-heading-border'><div class='special-heading-inner-border' ><\/div><\/div><\/div><br \/>\n<section class=\"av_textblock_section\"  itemscope=\"itemscope\" itemtype=\"https:\/\/schema.org\/CreativeWork\" ><div class='avia_textblock '   itemprop=\"text\" ><p>Una sala de 50 m de parquet flotante\u00a0 con todos los implementos y materiales t\u00e9cnicos para el desarrollo de m\u00e9todo Pilates y la Recuperaci\u00f3n Funcional.<\/p>\n<\/div><\/section><\/p>\n<\/div><\/div><\/div><\/div><\/div><\/div><!-- close content main div --><\/div><\/div><div id='av-layout-grid-4' class='av-layout-grid-container entry-content-wrapper main_color av-flex-cells  container_wrap fullsize'   >\n<div class=\"flex_cell no_margin av_one_half   avia-full-stretch av-zero-padding \" style='height:500px; min-height:500px;background-image:url(https:\/\/crefid.com\/wp-content\/uploads\/2018\/10\/C127863F.jpg); background-position:bottom center; background-repeat:no-repeat; background-attachment:scroll; vertical-align:middle; padding:0px; background-color:#22689e; '><div class='flex_cell_inner' ><\/div><\/div><div class=\"flex_cell no_margin av_one_half   \" style='height:500px; min-height:500px;vertical-align:middle; padding:80px; background-color:#22689e; '><div class='flex_cell_inner' ><p><div style='padding-bottom:25px;color:#ffffff;font-size:34px;' class='av-special-heading av-special-heading-h3 custom-color-heading blockquote modern-quote  av-inherit-size'><div class ='av-subheading av-subheading_above av_custom_color' style='font-size:15px;'><p>\u00c1rea de<\/p>\n<\/div><h3 class='av-special-heading-tag'  itemprop=\"headline\"  >Valoraci\u00f3n y Diagn\u00f3stico<\/h3><div class='special-heading-border'><div class='special-heading-inner-border' style='border-color:#ffffff'><\/div><\/div><\/div><br \/>\n<section class=\"av_textblock_section\"  itemscope=\"itemscope\" itemtype=\"https:\/\/schema.org\/CreativeWork\" ><div class='avia_textblock  av_inherit_color'  style='color:#ffffff; '  itemprop=\"text\" ><p>CREFID dispone de una consulta en donde se realiza las valoraciones espec\u00edficas como la Ecografica y podometrica.<\/p>\n<\/div><\/section><\/p>\n<\/div><\/div>\n<\/div><\/p>\n","protected":false},"excerpt":{"rendered":"","protected":false},"author":1,"featured_media":0,"parent":0,"menu_order":0,"comment_status":"closed","ping_status":"closed","template":"","meta":{"spay_email":"","footnotes":""},"class_list":["post-957","page","type-page","status-publish","hentry"],"_links":{"self":[{"href":"https:\/\/crefid.com\/index.php?rest_route=\/wp\/v2\/pages\/957","targetHints":{"allow":["GET"]}}],"collection":[{"href":"https:\/\/crefid.com\/index.php?rest_route=\/wp\/v2\/pages"}],"about":[{"href":"https:\/\/crefid.com\/index.php?rest_route=\/wp\/v2\/types\/page"}],"author":[{"embeddable":true,"href":"https:\/\/crefid.com\/index.php?rest_route=\/wp\/v2\/users\/1"}],"replies":[{"embeddable":true,"href":"https:\/\/crefid.com\/index.php?rest_route=%2Fwp%2Fv2%2Fcomments&post=957"}],"version-history":[{"count":27,"href":"https:\/\/crefid.com\/index.php?rest_route=\/wp\/v2\/pages\/957\/revisions"}],"predecessor-version":[{"id":1814,"href":"https:\/\/crefid.com\/index.php?rest_route=\/wp\/v2\/pages\/957\/revisions\/1814"}],"wp:attachment":[{"href":"https:\/\/crefid.com\/index.php?rest_route=%2Fwp%2Fv2%2Fmedia&parent=957"}],"curies":[{"name":"wp","href":"https:\/\/api.w.org\/{rel}","templated":true}]}}

</div></div></div><!-- close content main div --></div></div><div id='av-layout-grid-1' class='av-layout-grid-container entry-content-wrapper main_color av-flex-cells  container_wrap fullsize'   >
<div class="flex_cell no_margin av_one_half   avia-full-stretch av-zero-padding " style='height:500px; min-height:500px;background-image:url(https://crefid.com/wp-content/uploads/2018/10/C128192F.jpg); background-position:center center; background-repeat:no-repeat; background-attachment:scroll; vertical-align:middle; padding:0px; background-color:#22689e; '><div class='flex_cell_inner' ></div></div><div class="flex_cell no_margin av_one_half   " style='height:500px; min-height:500px;vertical-align:middle; padding:80px; background-color:#22689e; '><div class='flex_cell_inner' ><p><div style='padding-bottom:25px;color:#ffffff;font-size:34px;' class='av-special-heading av-special-heading-h3 custom-color-heading blockquote modern-quote   av-inherit-size'><div class ='av-subheading av-subheading_above av_custom_color' style='font-size:15px;'><p>Nuestra</p>
</div><h3 class='av-special-heading-tag'  itemprop="headline"  >Clínica Crefid</h3><div class='special-heading-border'><div class='special-heading-inner-border' style='border-color:#ffffff'></div></div></div><br />
<section class="av_textblock_section"  itemscope="itemscope" itemtype="https://schema.org/CreativeWork" ><div class='avia_textblock  av_inherit_color'  style='color:#ffffff; '  itemprop="text" ><p>Clínica de Recuperación y Fisioterapia Deportiva, es una empresa con más de 20 años de experiencia, dedicada a la mejora de la salud a través de la Fisioterapia y de las Técnicas Manuales.</p>
</div></section></p>
</div></div>
</div>
</div></div></div><!-- close content main div --></div></div><div id='av_section_1' class='avia-section main_color avia-section-huge avia-no-border-styling avia-bg-style-scroll  container_wrap fullsize'   ><div class='container' ><div class='template-page content  av-content-full alpha units'><div class='post-entry post-entry-type-page post-entry-957'><div class='entry-content-wrapper clearfix'>
<div class='flex_column_table av-equal-height-column-flextable' style='margin-top:-200px; margin-bottom:0px; '><div class="flex_column av_one_fourth  no_margin flex_column_table_cell av-equal-height-column av-align-top first  " style='padding:40px; border-radius:0px 0px 0px 0px ; '></div></div><!--close column table wrapper. Autoclose: 1 --><div class='flex_column_table av-equal-height-column-flextable' style='margin-top:-200px; margin-bottom:0px; '><div class="flex_column av_one_fourth  no_margin flex_column_table_cell av-equal-height-column av-align-top   " style='padding:40px; background-color:#5fb4e4; border-radius:0px; '><p><span class="av_font_icon avia_animate_when_visible av-icon-style-  avia-icon-pos-center " style="color:#ffffff; border-color:#ffffff;"><span class='av-icon-char' style='font-size:60px;line-height:60px;' aria-hidden='true' data-av_icon='' data-av_iconfont='medical' ></span></span><br />
<div style='height:20px' class='hr hr-invisible '><span class='hr-inner ' ><span class='hr-inner-style'></span></span></div><br />
<section class="av_textblock_section"  itemscope="itemscope" itemtype="https://schema.org/CreativeWork" ><div class='avia_textblock  av_inherit_color'  style='color:#ffffff; '  itemprop="text" ><h4 style="text-align: center;">Información</h4>
<p style="text-align: center;">Particulares pueden solicitar una cita .Las empresas pueden solicitar reunión o dejar información.</p>
</div></section><br />
<div style='height:8px' class='hr hr-invisible '><span class='hr-inner ' ><span class='hr-inner-style'></span></span></div><br />
<div class='avia-button-wrap avia-button-center '><a href='https://crefid.com/?page_id=959' class='avia-button  avia-icon_select-no avia-color-light avia-size-medium avia-position-center '   ><span class='avia_iconbox_title' >Solicitud</span></a></div></p></div></div><!--close column table wrapper. Autoclose: 1 --><div class='flex_column_table av-equal-height-column-flextable' style='margin-top:-200px; margin-bottom:0px; '><div class="flex_column av_one_fourth  no_margin flex_column_table_cell av-equal-height-column av-align-top   " style='padding:40px; background-color:#379cd6; border-radius:0px; '><p><span class="av_font_icon avia_animate_when_visible av-icon-style-  avia-icon-pos-center " style="color:#ffffff; border-color:#ffffff;"><span class='av-icon-char' style='font-size:60px;line-height:60px;' aria-hidden='true' data-av_icon='' data-av_iconfont='entypo-fontello' ></span></span><br />
<div style='height:20px' class='hr hr-invisible '><span class='hr-inner ' ><span class='hr-inner-style'></span></span></div><br />
<section class="av_textblock_section"  itemscope="itemscope" itemtype="https://schema.org/CreativeWork" ><div class='avia_textblock  av_inherit_color'  style='color:#ffffff; '  itemprop="text" ><h4 style="text-align: center;">Equipo</h4>
<p style="text-align: center;">Puedes consultar nuestro personal.</p>
</div></section><br />
<div style='height:8px' class='hr hr-invisible '><span class='hr-inner ' ><span class='hr-inner-style'></span></span></div><br />
<div class='avia-button-wrap avia-button-center '><a href='https://crefid.com/?page_id=948' class='avia-button  avia-icon_select-no avia-color-light avia-size-medium avia-position-center '   ><span class='avia_iconbox_title' >Equipo</span></a></div></p></div></div><!--close column table wrapper. Autoclose: 1 --><div class='flex_column_table av-equal-height-column-flextable' style='margin-top:-200px; margin-bottom:0px; '><div class="flex_column av_one_fourth  no_margin flex_column_table_cell av-equal-height-column av-align-top   " style='padding:40px; border-radius:0px; '></div></div><!--close column table wrapper. Autoclose: 1 --><div style='height:100px' class='hr hr-invisible '><span class='hr-inner ' ><span class='hr-inner-style'></span></span></div>
<div class="flex_column av_one_half  av-animated-generic bottom-to-top  flex_column_div av-zero-column-padding first  " style='border-radius:0px; '><p><div style='padding-bottom:20px;font-size:34px;' class='av-special-heading av-special-heading-h3  blockquote modern-quote   av-inherit-size'><div class ='av-subheading av-subheading_above ' style='font-size:15px;'><p>Nuestra</p>
</div><h3 class='av-special-heading-tag'  itemprop="headline"  >Clínica</h3><div class='special-heading-border'><div class='special-heading-inner-border' ></div></div></div><br />
<section class="av_textblock_section"  itemscope="itemscope" itemtype="https://schema.org/CreativeWork" ><div class='avia_textblock '   itemprop="text" ><p><strong>CREFID S.L.</strong>consta de:</p>
<ul>
<li><strong>Tres Consultas </strong>para el tratamiento de lesiones deportivas y de patologías dentro del ámbito general.</li>
<li><strong>Una Sala acondicionada para la actividad física</strong>, donde se desarrollan entre otras actividades: el Método de Matt Pilates, Estiramientos y Reeducación postural como complemento de la recuperación funcional.</li>
<li><strong>Una sala de recepción y administración</strong>, donde se llevan a cabo todas las gestiones administrativas referentes al paciente y al funcionamiento de la empresa.</li>
</ul>
<p>Un equipo profesional, altamente cualificado, ofrece un sistema terapéutico integral adaptado a las necesidades de cada paciente y cada deportista.</p>
</div></section></p></div><div class="flex_column av_one_half  av-animated-generic bottom-to-top  flex_column_div av-zero-column-padding   " style='border-radius:0px; '><p><div style='padding-bottom:20px;font-size:34px;' class='av-special-heading av-special-heading-h3  blockquote modern-quote   av-inherit-size'><div class ='av-subheading av-subheading_above ' style='font-size:15px;'><p>Nuestros</p>
</div><h3 class='av-special-heading-tag'  itemprop="headline"  >Servicios</h3><div class='special-heading-border'><div class='special-heading-inner-border' ></div></div></div><br />
<section class="av_textblock_section"  itemscope="itemscope" itemtype="https://schema.org/CreativeWork" ><div class='avia_textblock '   itemprop="text" ><p>Ofrecemos entre otros servicios:</p>
<ul>
<li><strong>Fisioterapia general y Deportiva </strong>a través de técnicas de electroterapia y Técnicas manuales centradas en el tratamiento personal e integral.</li>
<li><strong>Medicina general</strong>, diagnóstico y tratamiento farmacológico de patologías en los diferentes sistemas y aparatos.</li>
<li><strong>Valoración </strong>del estado de Salud y orientación mediante técnicas y hábitos saludables.</li>
<li><strong>Osteopatía </strong>y técnicas de ganancia en movilidad articular.</li>
<li>Clases individualizadas y Personalizadas del <strong>Método Pilates </strong>asistido por materiales técnicos.</li>
<li>Valoración <strong>Ecográfica musculoesquelética</strong>.</li>
<li>Tratamiento de partes blandas mediante  diversidad  de <strong>Técnicas Manuales. </strong></li>
<li>Tratamiento de patologías crónicas mediante <strong>Ondas de Choque</strong>.</li>
</ul>
</div></section></p></div>

</div></div></div><!-- close content main div --></div></div><div id='av-layout-grid-2' class='av-layout-grid-container entry-content-wrapper main_color av-flex-cells  container_wrap fullsize'   >
<div class="flex_cell no_margin av_one_half   avia-full-stretch av-zero-padding " style='height:500px; min-height:500px;background-image:url(https://crefid.com/wp-content/uploads/2018/10/C127848F-495x400.jpg); background-position:center center; background-repeat:no-repeat; background-attachment:scroll; vertical-align:top; padding:0px; background-color:#22689e; '><div class='flex_cell_inner' ></div></div><div class="flex_cell no_margin av_one_half   " style='height:500px; min-height:500px;vertical-align:middle; padding:80px; background-color:#22689e; '><div class='flex_cell_inner' ><p><div style='padding-bottom:25px;color:#ffffff;font-size:34px;' class='av-special-heading av-special-heading-h3 custom-color-heading blockquote modern-quote   av-inherit-size'><div class ='av-subheading av-subheading_above av_custom_color' style='font-size:15px;'><p>Área de</p>
</div><h3 class='av-special-heading-tag'  itemprop="headline"  >Fisioterapia y Medicina General</h3><div class='special-heading-border'><div class='special-heading-inner-border' style='border-color:#ffffff'></div></div></div><br />
<section class="av_textblock_section"  itemscope="itemscope" itemtype="https://schema.org/CreativeWork" ><div class='avia_textblock  av_inherit_color'  style='color:#ffffff; '  itemprop="text" ><p>CREFID dispone de dos consultas donde se realizan los tratamientos individualizados de Fisioterapia, y una consulta destinada a la Atención Medico Asistencial</p>
</div></section></p>
</div></div>
</div>
</div></div></div><!-- close content main div --></div></div><div id='av-layout-grid-3' class='av-layout-grid-container entry-content-wrapper main_color av-flex-cells  container_wrap fullsize'   >
<div class="flex_cell no_margin av_one_full   " style='height:500px; min-height:500px;vertical-align:middle; padding:80px; '><div class='flex_cell_inner' ><p><div style='padding-bottom:25px;font-size:34px;' class='av-special-heading av-special-heading-h3  blockquote modern-quote   av-inherit-size'><div class ='av-subheading av-subheading_above ' style='font-size:15px;'><p>Área de</p>
</div><h3 class='av-special-heading-tag'  itemprop="headline"  >Pilates y Recuperación Funcional</h3><div class='special-heading-border'><div class='special-heading-inner-border' ></div></div></div><br />
<section class="av_textblock_section"  itemscope="itemscope" itemtype="https://schema.org/CreativeWork" ><div class='avia_textblock '   itemprop="text" ><p>Una sala de 50 m de parquet flotante  con todos los implementos y materiales técnicos para el desarrollo de método Pilates y la Recuperación Funcional.</p>
</div></section></p>
</div></div></div></div></div></div><!-- close content main div --></div></div><div id='av-layout-grid-4' class='av-layout-grid-container entry-content-wrapper main_color av-flex-cells  container_wrap fullsize'   >
<div class="flex_cell no_margin av_one_half   avia-full-stretch av-zero-padding " style='height:500px; min-height:500px;background-image:url(https://crefid.com/wp-content/uploads/2018/10/C127863F.jpg); background-position:bottom center; background-repeat:no-repeat; background-attachment:scroll; vertical-align:middle; padding:0px; background-color:#22689e; '><div class='flex_cell_inner' ></div></div><div class="flex_cell no_margin av_one_half   " style='height:500px; min-height:500px;vertical-align:middle; padding:80px; background-color:#22689e; '><div class='flex_cell_inner' ><p><div style='padding-bottom:25px;color:#ffffff;font-size:34px;' class='av-special-heading av-special-heading-h3 custom-color-heading blockquote modern-quote  av-inherit-size'><div class ='av-subheading av-subheading_above av_custom_color' style='font-size:15px;'><p>Área de</p>
</div><h3 class='av-special-heading-tag'  itemprop="headline"  >Valoración y Diagnóstico</h3><div class='special-heading-border'><div class='special-heading-inner-border' style='border-color:#ffffff'></div></div></div><br />
<section class="av_textblock_section"  itemscope="itemscope" itemtype="https://schema.org/CreativeWork" ><div class='avia_textblock  av_inherit_color'  style='color:#ffffff; '  itemprop="text" ><p>CREFID dispone de una consulta en donde se realiza las valoraciones específicas como la Ecografica y podometrica.</p>
</div></section></p>
</div></div>
</div></p>
